{"id":463,"date":"2026-03-31T19:39:20","date_gmt":"2026-03-31T19:39:20","guid":{"rendered":"https:\/\/ramonage4saisons.ca\/new\/boutique\/"},"modified":"2026-04-27T17:48:41","modified_gmt":"2026-04-27T17:48:41","slug":"boutique","status":"publish","type":"page","link":"https:\/\/ramonage4saisons.ca\/new\/boutique\/","title":{"rendered":"Boutique"},"content":{"rendered":"<p>[et_pb_section fb_built=\u00a0\u00bb1&Prime; admin_label=\u00a0\u00bbsection\u00a0\u00bb _builder_version=\u00a0\u00bb4.27.6&Prime; background_color=\u00a0\u00bb#000000&Prime; use_background_color_gradient=\u00a0\u00bbon\u00a0\u00bb background_color_gradient_stops=\u00a0\u00bbrgba(0,0,0,0.75) 0%|rgba(0,0,0,0.75) 100%\u00a0\u00bb background_color_gradient_overlays_image=\u00a0\u00bbon\u00a0\u00bb background_image=\u00a0\u00bbhttps:\/\/ramonage4saisons.ca\/new\/wp-content\/uploads\/2026\/03\/romanage-4-saisons-boutique-en-ligne.jpg\u00a0\u00bb custom_padding=\u00a0\u00bb150px||150px||true|false\u00a0\u00bb da_disable_devices=\u00a0\u00bboff|off|off\u00a0\u00bb locked=\u00a0\u00bboff\u00a0\u00bb global_colors_info=\u00a0\u00bb{}\u00a0\u00bb da_is_popup=\u00a0\u00bboff\u00a0\u00bb da_exit_intent=\u00a0\u00bboff\u00a0\u00bb da_has_close=\u00a0\u00bbon\u00a0\u00bb da_alt_close=\u00a0\u00bboff\u00a0\u00bb da_dark_close=\u00a0\u00bboff\u00a0\u00bb da_not_modal=\u00a0\u00bbon\u00a0\u00bb da_is_singular=\u00a0\u00bboff\u00a0\u00bb da_with_loader=\u00a0\u00bboff\u00a0\u00bb da_has_shadow=\u00a0\u00bbon\u00a0\u00bb][et_pb_row _builder_version=\u00a0\u00bb4.27.6&Prime; _module_preset=\u00a0\u00bbdefault\u00a0\u00bb global_colors_info=\u00a0\u00bb{}\u00a0\u00bb][et_pb_column type=\u00a0\u00bb4_4&Prime; _builder_version=\u00a0\u00bb4.27.6&Prime; _module_preset=\u00a0\u00bbdefault\u00a0\u00bb global_colors_info=\u00a0\u00bb{}\u00a0\u00bb][et_pb_text _builder_version=\u00a0\u00bb4.27.6&Prime; _module_preset=\u00a0\u00bbdefault\u00a0\u00bb header_font=\u00a0\u00bb|800|||||||\u00a0\u00bb header_text_color=\u00a0\u00bb#B4A269&Prime; header_font_size=\u00a0\u00bb38px\u00a0\u00bb custom_margin=\u00a0\u00bb||0px||false|false\u00a0\u00bb global_colors_info=\u00a0\u00bb{}\u00a0\u00bb]<\/p>\n<h1>Votre galerie de foyers et po\u00eale \u00e0 bois<\/h1>\n<p>[\/et_pb_text][et_pb_text _builder_version=\u00a0\u00bb4.27.6&Prime; _module_preset=\u00a0\u00bbdefault\u00a0\u00bb text_font=\u00a0\u00bb||||||||\u00a0\u00bb text_text_color=\u00a0\u00bb#FFFFFF\u00a0\u00bb text_font_size=\u00a0\u00bb18px\u00a0\u00bb global_colors_info=\u00a0\u00bb{}\u00a0\u00bb]<\/p>\n<p>Dans notre boutique, vous pouvez d\u00e9couvrir une s\u00e9lection de foyers, po\u00eales \u00e0 bois, po\u00eales encastrables, appareils \u00e9lectriques et cuisini\u00e8res.<\/p>\n<p>[\/et_pb_text][et_pb_button button_text=\u00a0\u00bbObtenir une soumission\u00a0\u00bb _builder_version=\u00a0\u00bb4.27.6&Prime; _module_preset=\u00a0\u00bbdefault\u00a0\u00bb custom_button=\u00a0\u00bbon\u00a0\u00bb button_text_size=\u00a0\u00bb14px\u00a0\u00bb button_text_color=\u00a0\u00bb#000000&Prime; button_bg_color=\u00a0\u00bb#FFFFFF\u00a0\u00bb button_border_color=\u00a0\u00bb#000000&Prime; button_border_radius=\u00a0\u00bb0px\u00a0\u00bb button_font=\u00a0\u00bb|800|||||||\u00a0\u00bb button_icon=\u00a0\u00bb&#xf105;||fa||900&Prime; button_icon_color=\u00a0\u00bb#000000&Prime; button_on_hover=\u00a0\u00bboff\u00a0\u00bb custom_padding=\u00a0\u00bb8px|24px|8px|14px|true|false\u00a0\u00bb locked=\u00a0\u00bboff\u00a0\u00bb global_colors_info=\u00a0\u00bb{}\u00a0\u00bb button_bg_color__hover_enabled=\u00a0\u00bbon|hover\u00a0\u00bb button_bg_color__hover=\u00a0\u00bbrgba(0,0,0,0.55)\u00a0\u00bb button_bg_enable_color__hover=\u00a0\u00bbon\u00a0\u00bb button_text_color__hover_enabled=\u00a0\u00bbon|hover\u00a0\u00bb button_text_color__hover=\u00a0\u00bb#FFFFFF\u00a0\u00bb button_border_color__hover_enabled=\u00a0\u00bbon|hover\u00a0\u00bb button_border_color__hover=\u00a0\u00bb#FFFFFF\u00a0\u00bb button_icon_color__hover_enabled=\u00a0\u00bbon|hover\u00a0\u00bb button_icon_color__hover=\u00a0\u00bb#FFFFFF\u00a0\u00bb][\/et_pb_button][\/et_pb_column][\/et_pb_row][\/et_pb_section][et_pb_section fb_built=\u00a0\u00bb1&Prime; admin_label=\u00a0\u00bbSection\u00a0\u00bb module_id=\u00a0\u00bbinfo\u00a0\u00bb _builder_version=\u00a0\u00bb4.27.6&Prime; _module_preset=\u00a0\u00bbdefault\u00a0\u00bb background_color=\u00a0\u00bb#B4A269&Prime; da_is_popup=\u00a0\u00bboff\u00a0\u00bb da_popup_slug=\u00a0\u00bbinfo\u00a0\u00bb da_disable_devices=\u00a0\u00bboff|off|off\u00a0\u00bb global_colors_info=\u00a0\u00bb{}\u00a0\u00bb hover_enabled=\u00a0\u00bb0&Prime; sticky_enabled=\u00a0\u00bb0&Prime; custom_padding=\u00a0\u00bb10px||0px||false|false\u00a0\u00bb da_exit_intent=\u00a0\u00bboff\u00a0\u00bb da_has_close=\u00a0\u00bbon\u00a0\u00bb da_alt_close=\u00a0\u00bboff\u00a0\u00bb da_dark_close=\u00a0\u00bboff\u00a0\u00bb da_not_modal=\u00a0\u00bbon\u00a0\u00bb da_is_singular=\u00a0\u00bboff\u00a0\u00bb da_with_loader=\u00a0\u00bboff\u00a0\u00bb da_has_shadow=\u00a0\u00bbon\u00a0\u00bb][et_pb_row _builder_version=\u00a0\u00bb4.27.6&Prime; _module_preset=\u00a0\u00bbdefault\u00a0\u00bb global_colors_info=\u00a0\u00bb{}\u00a0\u00bb][et_pb_column type=\u00a0\u00bb4_4&Prime; _builder_version=\u00a0\u00bb4.27.6&Prime; _module_preset=\u00a0\u00bbdefault\u00a0\u00bb global_colors_info=\u00a0\u00bb{}\u00a0\u00bb][et_pb_text _builder_version=\u00a0\u00bb4.27.6&Prime; _module_preset=\u00a0\u00bbdefault\u00a0\u00bb text_font=\u00a0\u00bb|700|||||||\u00a0\u00bb text_text_color=\u00a0\u00bb#FFFFFF\u00a0\u00bb text_font_size=\u00a0\u00bb18px\u00a0\u00bb global_colors_info=\u00a0\u00bb{}\u00a0\u00bb]<\/p>\n<p>Les appareils et foyers pr\u00e9sent\u00e9s sur ce site ne repr\u00e9sentent qu\u2019une partie de notre offre. Nous collaborons avec plusieurs partenaires et avons acc\u00e8s \u00e0 une plus grande s\u00e9lection de produits. N\u2019h\u00e9sitez pas \u00e0 communiquer avec nous afin de d\u00e9couvrir toutes les options disponibles selon vos besoins.<\/p>\n<p>[\/et_pb_text][et_pb_code _builder_version=\u00a0\u00bb4.27.6&Prime; _module_preset=\u00a0\u00bbdefault\u00a0\u00bb global_colors_info=\u00a0\u00bb{}\u00a0\u00bb]<script><!-- [et_pb_line_break_holder] -->  (function () {<!-- [et_pb_line_break_holder] -->    DiviArea.addAction('ready', function () {<!-- [et_pb_line_break_holder] -->      var popupId = 'info'; \/\/ remplacez par votre ID<!-- [et_pb_line_break_holder] -->      DiviArea.show(popupId);<!-- [et_pb_line_break_holder] -->    });<!-- [et_pb_line_break_holder] -->  })();<!-- [et_pb_line_break_holder] --><\/script>[\/et_pb_code][\/et_pb_column][\/et_pb_row][\/et_pb_section][et_pb_section fb_built=\u00a0\u00bb1&Prime; _builder_version=\u00a0\u00bb4.16&Prime; da_disable_devices=\u00a0\u00bboff|off|off\u00a0\u00bb global_colors_info=\u00a0\u00bb{}\u00a0\u00bb da_is_popup=\u00a0\u00bboff\u00a0\u00bb da_exit_intent=\u00a0\u00bboff\u00a0\u00bb da_has_close=\u00a0\u00bbon\u00a0\u00bb da_alt_close=\u00a0\u00bboff\u00a0\u00bb da_dark_close=\u00a0\u00bboff\u00a0\u00bb da_not_modal=\u00a0\u00bbon\u00a0\u00bb da_is_singular=\u00a0\u00bboff\u00a0\u00bb da_with_loader=\u00a0\u00bboff\u00a0\u00bb da_has_shadow=\u00a0\u00bbon\u00a0\u00bb][et_pb_row column_structure=\u00a0\u00bb1_4,3_4&Prime; _builder_version=\u00a0\u00bb4.27.6&Prime; background_size=\u00a0\u00bbinitial\u00a0\u00bb background_position=\u00a0\u00bbtop_left\u00a0\u00bb background_repeat=\u00a0\u00bbrepeat\u00a0\u00bb global_colors_info=\u00a0\u00bb{}\u00a0\u00bb][et_pb_column type=\u00a0\u00bb1_4&Prime; _builder_version=\u00a0\u00bb4.16&Prime; custom_padding=\u00a0\u00bb|||\u00a0\u00bb global_colors_info=\u00a0\u00bb{}\u00a0\u00bb custom_padding__hover=\u00a0\u00bb|||\u00a0\u00bb][et_pb_text _builder_version=\u00a0\u00bb4.27.6&Prime; _module_preset=\u00a0\u00bbdefault\u00a0\u00bb text_text_color=\u00a0\u00bb#B4A269&Prime; header_2_font=\u00a0\u00bb|800|||||||\u00a0\u00bb header_2_text_color=\u00a0\u00bb#B4A269&Prime; header_2_line_height=\u00a0\u00bb1.2em\u00a0\u00bb global_colors_info=\u00a0\u00bb{}\u00a0\u00bb]<\/p>\n<h2>Catalogue des nos foyers et appareils disponibles<\/h2>\n<p>[\/et_pb_text][\/et_pb_column][et_pb_column type=\u00a0\u00bb3_4&Prime; _builder_version=\u00a0\u00bb4.16&Prime; custom_padding=\u00a0\u00bb|||\u00a0\u00bb global_colors_info=\u00a0\u00bb{}\u00a0\u00bb custom_padding__hover=\u00a0\u00bb|||\u00a0\u00bb][et_pb_text module_class=\u00a0\u00bbvm-filtre-top\u00a0\u00bb _builder_version=\u00a0\u00bb4.27.6&Prime; _module_preset=\u00a0\u00bbdefault\u00a0\u00bb global_colors_info=\u00a0\u00bb{}\u00a0\u00bb]<\/p>\n\n<p>[\/et_pb_text][et_pb_code _builder_version=\u00a0\u00bb4.27.6&Prime; _module_preset=\u00a0\u00bbdefault\u00a0\u00bb global_colors_info=\u00a0\u00bb{}\u00a0\u00bb]<script>document.addEventListener(\"DOMContentLoaded\", function () {<!-- [et_pb_line_break_holder] --><!-- [et_pb_line_break_holder] -->  function updateResetBtn() {<!-- [et_pb_line_break_holder] -->    const btn = document.querySelector('.yith-wcan-reset-filters');<!-- [et_pb_line_break_holder] -->    if (btn) {<!-- [et_pb_line_break_holder] -->      btn.textContent = \"Effacer les filtres\";<!-- [et_pb_line_break_holder] -->    }<!-- [et_pb_line_break_holder] -->  }<!-- [et_pb_line_break_holder] --><!-- [et_pb_line_break_holder] -->  updateResetBtn();<!-- [et_pb_line_break_holder] --><!-- [et_pb_line_break_holder] -->  document.addEventListener('yith-wcan-ajax-filtered', function () {<!-- [et_pb_line_break_holder] -->    updateResetBtn();<!-- [et_pb_line_break_holder] -->  });<!-- [et_pb_line_break_holder] --><!-- [et_pb_line_break_holder] -->});<!-- [et_pb_line_break_holder] --><\/script><!-- [et_pb_line_break_holder] --><\/p>\n<style><!-- [et_pb_line_break_holder] --><!-- [et_pb_line_break_holder] -->.yith-wcan-reset-filters {<!-- [et_pb_line_break_holder] -->  background-color: white !important;<!-- [et_pb_line_break_holder] -->  color: #111 !important;<!-- [et_pb_line_break_holder] -->  border: 2px solid #111;<!-- [et_pb_line_break_holder] -->  padding: 10px 18px;<!-- [et_pb_line_break_holder] -->  font-weight: 600;<!-- [et_pb_line_break_holder] --><!-- [et_pb_line_break_holder] -->}<!-- [et_pb_line_break_holder] --><!-- [et_pb_line_break_holder] -->.yith-wcan-reset-filters:hover {<!-- [et_pb_line_break_holder] -->  background-color: #111 !important;<!-- [et_pb_line_break_holder] -->  color:white !important;<!-- [et_pb_line_break_holder] -->}<!-- [et_pb_line_break_holder] --><\/style>\n<p><!-- [et_pb_line_break_holder] --> [\/et_pb_code][et_pb_code _builder_version=\u00a0\u00bb4.27.6&Prime; _module_preset=\u00a0\u00bbdefault\u00a0\u00bb global_colors_info=\u00a0\u00bb{}\u00a0\u00bb]<\/p>\n<style><!-- [et_pb_line_break_holder] -->.vm-filtre-top .yith-wcan-filters .yith-wcan-filter ul,<!-- [et_pb_line_break_holder] -->.vm-filtre-top .yith-wcan-filters .filter-items {<!-- [et_pb_line_break_holder] -->  display: flex;<!-- [et_pb_line_break_holder] -->  flex-wrap: wrap;<!-- [et_pb_line_break_holder] -->  gap: 12px 16px;<!-- [et_pb_line_break_holder] -->  list-style: none;<!-- [et_pb_line_break_holder] -->  margin: 0;<!-- [et_pb_line_break_holder] -->  padding: 0;<!-- [et_pb_line_break_holder] -->}<!-- [et_pb_line_break_holder] -->  <!-- [et_pb_line_break_holder] --> .yith-wcan-tooltip {<!-- [et_pb_line_break_holder] -->  display: none !important;<!-- [et_pb_line_break_holder] -->}<!-- [et_pb_line_break_holder] --><!-- [et_pb_line_break_holder] -->.vm-filtre-top .yith-wcan-filters .yith-wcan-filter li,<!-- [et_pb_line_break_holder] -->.vm-filtre-top .yith-wcan-filters .filter-item {<!-- [et_pb_line_break_holder] -->  margin: 0;<!-- [et_pb_line_break_holder] -->  list-style: none;<!-- [et_pb_line_break_holder] -->}<!-- [et_pb_line_break_holder] --><!-- [et_pb_line_break_holder] -->.vm-filtre-top .yith-wcan-filters .yith-wcan-filter li a,<!-- [et_pb_line_break_holder] -->.vm-filtre-top .yith-wcan-filters .filter-item > a,<!-- [et_pb_line_break_holder] -->.vm-filtre-top .yith-wcan-filters .filter-item label {<!-- [et_pb_line_break_holder] -->  display: inline-flex;<!-- [et_pb_line_break_holder] -->  align-items: center;<!-- [et_pb_line_break_holder] -->  justify-content: space-between;<!-- [et_pb_line_break_holder] -->  gap: 12px;<!-- [et_pb_line_break_holder] -->  padding: 5px 10px;<!-- [et_pb_line_break_holder] -->  background: #fff;<!-- [et_pb_line_break_holder] -->  color: #000;<!-- [et_pb_line_break_holder] -->  text-decoration: none;<!-- [et_pb_line_break_holder] --><!-- [et_pb_line_break_holder] -->  font-weight: 700;<!-- [et_pb_line_break_holder] -->  line-height: 1.2;<!-- [et_pb_line_break_holder] --> <!-- [et_pb_line_break_holder] --><!-- [et_pb_line_break_holder] -->}<!-- [et_pb_line_break_holder] -->.yith-wcan-filters .yith-wcan-filter .filter-items .filter-item.label .term-label, .yith-wcan-filters .yith-wcan-filter .filter-title{<!-- [et_pb_line_break_holder] -->    font-size:16px;<!-- [et_pb_line_break_holder] -->  color:black;<!-- [et_pb_line_break_holder] -->  }<!-- [et_pb_line_break_holder] -->  <!-- [et_pb_line_break_holder] --><!-- [et_pb_line_break_holder] -->.yith-wcan-filters .yith-wcan-filter .filter-items .filter-item.label {<!-- [et_pb_line_break_holder] -->       box-shadow: 0 0 0 2px black;<!-- [et_pb_line_break_holder] -->     border-radius: 0px; <!-- [et_pb_line_break_holder] -->     display: block; <!-- [et_pb_line_break_holder] -->    margin: 0 5px 10px;<!-- [et_pb_line_break_holder] -->    padding: 7px;<!-- [et_pb_line_break_holder] -->    text-align: center;<!-- [et_pb_line_break_holder] -->}<!-- [et_pb_line_break_holder] -->  <!-- [et_pb_line_break_holder] -->.yith-wcan-filters .yith-wcan-filter .filter-items .filter-item.label:not(.with-image):not(.disabled):hover {<!-- [et_pb_line_break_holder] -->      box-shadow: 0 0 0 2px black;<!-- [et_pb_line_break_holder] -->  background-color:black;<!-- [et_pb_line_break_holder] -->  }<!-- [et_pb_line_break_holder] -->  <!-- [et_pb_line_break_holder] --> <!-- [et_pb_line_break_holder] -->  .yith-wcan-filters .yith-wcan-filter .filter-items .filter-item.label.active:not(.with-image) {<!-- [et_pb_line_break_holder] -->    background-color:black;<!-- [et_pb_line_break_holder] -->    box-shadow: 0 0 0 2px black;<!-- [et_pb_line_break_holder] -->  }<!-- [et_pb_line_break_holder] -->  <!-- [et_pb_line_break_holder] --><!-- [et_pb_line_break_holder] -->  <!-- [et_pb_line_break_holder] -->  <!-- [et_pb_line_break_holder] --><!-- [et_pb_line_break_holder] --><!-- [et_pb_line_break_holder] -->\/* Hover *\/<!-- [et_pb_line_break_holder] -->.vm-filtre-top .yith-wcan-filters .yith-wcan-filter li a:hover,<!-- [et_pb_line_break_holder] -->.vm-filtre-top .yith-wcan-filters .filter-item > a:hover,<!-- [et_pb_line_break_holder] -->.vm-filtre-top .yith-wcan-filters .filter-item label:hover {<!-- [et_pb_line_break_holder] -->  background: #000;<!-- [et_pb_line_break_holder] -->  color: #fff;<!-- [et_pb_line_break_holder] -->  border-color: #000;<!-- [et_pb_line_break_holder] -->}<!-- [et_pb_line_break_holder] --><!-- [et_pb_line_break_holder] -->\/* Actif *\/<!-- [et_pb_line_break_holder] -->.vm-filtre-top .yith-wcan-filters .yith-wcan-filter li.chosen a,<!-- [et_pb_line_break_holder] -->.vm-filtre-top .yith-wcan-filters .yith-wcan-filter li.active a,<!-- [et_pb_line_break_holder] -->.vm-filtre-top .yith-wcan-filters .filter-item.active > a {<!-- [et_pb_line_break_holder] -->  background: #000;<!-- [et_pb_line_break_holder] -->  color: #fff;<!-- [et_pb_line_break_holder] -->  border-color: #000;<!-- [et_pb_line_break_holder] -->}<!-- [et_pb_line_break_holder] --><!-- [et_pb_line_break_holder] -->\/* Enlever le rose \/ focus *\/<!-- [et_pb_line_break_holder] -->.vm-filtre-top .yith-wcan-filters a:focus,<!-- [et_pb_line_break_holder] -->.vm-filtre-top .yith-wcan-filters a:active,<!-- [et_pb_line_break_holder] -->.vm-filtre-top .yith-wcan-filters label:focus,<!-- [et_pb_line_break_holder] -->.vm-filtre-top .yith-wcan-filters label:active {<!-- [et_pb_line_break_holder] -->  outline: none !important;<!-- [et_pb_line_break_holder] -->  box-shadow: none !important;<!-- [et_pb_line_break_holder] -->  border-color: #000 !important;<!-- [et_pb_line_break_holder] -->}<!-- [et_pb_line_break_holder] --><!-- [et_pb_line_break_holder] -->\/* Cacher le titre *\/<!-- [et_pb_line_break_holder] -->.vm-filtre-top .yith-wcan-filters .filter-title,<!-- [et_pb_line_break_holder] -->.vm-filtre-top .yith-wcan-filters h4 {<!-- [et_pb_line_break_holder] -->  display: none;<!-- [et_pb_line_break_holder] -->}<!-- [et_pb_line_break_holder] --><\/style>\n<p><!-- [et_pb_line_break_holder] --><!-- [et_pb_line_break_holder] --><!-- [et_pb_line_break_holder] --><script><!-- [et_pb_line_break_holder] -->function vmRemoveYithTitles() {<!-- [et_pb_line_break_holder] -->  document.querySelectorAll('.vm-filtre-top .yith-wcan-filters a, .vm-filtre-top .yith-wcan-filters label').forEach(function(el) {<!-- [et_pb_line_break_holder] -->    el.removeAttribute('title');<!-- [et_pb_line_break_holder] -->  });<!-- [et_pb_line_break_holder] -->}<!-- [et_pb_line_break_holder] --><!-- [et_pb_line_break_holder] -->document.addEventListener(\"DOMContentLoaded\", function () {<!-- [et_pb_line_break_holder] -->  vmRemoveYithTitles();<!-- [et_pb_line_break_holder] --><!-- [et_pb_line_break_holder] -->  const observer = new MutationObserver(function() {<!-- [et_pb_line_break_holder] -->    vmRemoveYithTitles();<!-- [et_pb_line_break_holder] -->  });<!-- [et_pb_line_break_holder] --><!-- [et_pb_line_break_holder] -->  document.querySelectorAll('.vm-filtre-top .yith-wcan-filters').forEach(function(filter) {<!-- [et_pb_line_break_holder] -->    observer.observe(filter, { childList: true, subtree: true });<!-- [et_pb_line_break_holder] -->  });<!-- [et_pb_line_break_holder] -->});<!-- [et_pb_line_break_holder] --><\/script>[\/et_pb_code][\/et_pb_column][\/et_pb_row][et_pb_row column_structure=\u00a0\u00bb3_4,1_4&Prime; _builder_version=\u00a0\u00bb4.27.6&Prime; background_size=\u00a0\u00bbinitial\u00a0\u00bb background_position=\u00a0\u00bbtop_left\u00a0\u00bb background_repeat=\u00a0\u00bbrepeat\u00a0\u00bb custom_padding=\u00a0\u00bb0px||||false|false\u00a0\u00bb global_colors_info=\u00a0\u00bb{}\u00a0\u00bb][et_pb_column type=\u00a0\u00bb3_4&Prime; _builder_version=\u00a0\u00bb4.16&Prime; custom_padding=\u00a0\u00bb|||\u00a0\u00bb global_colors_info=\u00a0\u00bb{}\u00a0\u00bb custom_padding__hover=\u00a0\u00bb|||\u00a0\u00bb][et_pb_code _builder_version=\u00a0\u00bb4.27.6&Prime; _module_preset=\u00a0\u00bbdefault\u00a0\u00bb global_colors_info=\u00a0\u00bb{}\u00a0\u00bb]<\/p>\n<style><!-- [et_pb_line_break_holder] -->.woocommerce ul.products li.product .vm-view-product-btn {<!-- [et_pb_line_break_holder] -->  display: inline-block;<!-- [et_pb_line_break_holder] -->  opacity: 1 !important;<!-- [et_pb_line_break_holder] -->  visibility: visible !important;<!-- [et_pb_line_break_holder] -->  position: static !important;<!-- [et_pb_line_break_holder] -->  margin-top: 12px;<!-- [et_pb_line_break_holder] -->  color: black !important;<!-- [et_pb_line_break_holder] -->  padding: 8px 14px;<!-- [et_pb_line_break_holder] -->  text-decoration: none;<!-- [et_pb_line_break_holder] -->  line-height: 1.2em;<!-- [et_pb_line_break_holder] -->  font-size: 14px;<!-- [et_pb_line_break_holder] -->  font-weight: 700;<!-- [et_pb_line_break_holder] -->  border-radius: 0;<!-- [et_pb_line_break_holder] -->  border: 2px solid black;<!-- [et_pb_line_break_holder] -->  background: transparent;<!-- [et_pb_line_break_holder] -->}<!-- [et_pb_line_break_holder] --><!-- [et_pb_line_break_holder] -->.woocommerce ul.products li.product .vm-view-product-btn::after {<!-- [et_pb_line_break_holder] -->  display: none !important;<!-- [et_pb_line_break_holder] -->}<!-- [et_pb_line_break_holder] --><!-- [et_pb_line_break_holder] -->.woocommerce ul.products li.product .vm-view-product-btn:hover {<!-- [et_pb_line_break_holder] -->  background: black;<!-- [et_pb_line_break_holder] -->  color: white !important;<!-- [et_pb_line_break_holder] -->}<!-- [et_pb_line_break_holder] --><!-- [et_pb_line_break_holder] --><!-- [et_pb_line_break_holder] --><\/style>\n<p><!-- [et_pb_line_break_holder] -->[\/et_pb_code][et_pb_shop columns_number=\u00a0\u00bb3&Prime; icon_hover_color=\u00a0\u00bb#FFFFFF\u00a0\u00bb hover_overlay_color=\u00a0\u00bbrgba(10,34,64,0.5)\u00a0\u00bb _builder_version=\u00a0\u00bb4.27.6&Prime; _module_preset=\u00a0\u00bbdefault\u00a0\u00bb global_colors_info=\u00a0\u00bb{}\u00a0\u00bb][\/et_pb_shop][\/et_pb_column][et_pb_column type=\u00a0\u00bb1_4&Prime; _builder_version=\u00a0\u00bb4.16&Prime; custom_padding=\u00a0\u00bb|||\u00a0\u00bb global_colors_info=\u00a0\u00bb{}\u00a0\u00bb custom_padding__hover=\u00a0\u00bb|||\u00a0\u00bb][et_pb_text _builder_version=\u00a0\u00bb4.16&Prime; background_size=\u00a0\u00bbinitial\u00a0\u00bb background_position=\u00a0\u00bbtop_left\u00a0\u00bb background_repeat=\u00a0\u00bbrepeat\u00a0\u00bb global_colors_info=\u00a0\u00bb{}\u00a0\u00bb]<!-- divi:paragraph --><\/p>\n\n<p><!-- \/divi:paragraph -->[\/et_pb_text][et_pb_text _builder_version=\u00a0\u00bb4.27.6&Prime; _module_preset=\u00a0\u00bbdefault\u00a0\u00bb text_font=\u00a0\u00bb|700|||||||\u00a0\u00bb text_text_color=\u00a0\u00bb#FFFFFF\u00a0\u00bb background_color=\u00a0\u00bb#B4A269&Prime; custom_padding=\u00a0\u00bb20px|20px|20px|20px|true|true\u00a0\u00bb locked=\u00a0\u00bboff\u00a0\u00bb global_colors_info=\u00a0\u00bb{}\u00a0\u00bb]<\/p>\n<p>Les appareils et foyers pr\u00e9sent\u00e9s sur ce site ne repr\u00e9sentent qu\u2019une partie de notre offre. Nous collaborons avec plusieurs partenaires et avons acc\u00e8s \u00e0 une plus grande s\u00e9lection de produits. N\u2019h\u00e9sitez pas \u00e0 communiquer avec nous afin de d\u00e9couvrir toutes les options disponibles selon vos besoins.<\/p>\n<p>[\/et_pb_text][\/et_pb_column][\/et_pb_row][\/et_pb_section]<\/p>\n","protected":false},"excerpt":{"rendered":"<p>Votre galerie de foyers et po\u00eale \u00e0 boisDans notre boutique, vous pouvez d\u00e9couvrir une s\u00e9lection de foyers, po\u00eales \u00e0 bois, po\u00eales encastrables, appareils \u00e9lectriques et cuisini\u00e8res.Les appareils et foyers pr\u00e9sent\u00e9s sur ce site ne repr\u00e9sentent qu\u2019une partie de notre offre. Nous collaborons avec plusieurs partenaires et avons acc\u00e8s \u00e0 une plus grande s\u00e9lection de produits. [&hellip;]<\/p>\n","protected":false},"author":1,"featured_media":0,"parent":0,"menu_order":0,"comment_status":"closed","ping_status":"closed","template":"","meta":{"_acf_changed":false,"_et_pb_use_builder":"on","_et_pb_old_content":"<!-- wp:paragraph -->\n<p><br>[yith_wcan_filters slug=\"default-preset\"]<\/p>\n<!-- \/wp:paragraph -->","_et_gb_content_width":"1080","footnotes":""},"class_list":["post-463","page","type-page","status-publish","hentry"],"acf":[],"_links":{"self":[{"href":"https:\/\/ramonage4saisons.ca\/new\/wp-json\/wp\/v2\/pages\/463","targetHints":{"allow":["GET"]}}],"collection":[{"href":"https:\/\/ramonage4saisons.ca\/new\/wp-json\/wp\/v2\/pages"}],"about":[{"href":"https:\/\/ramonage4saisons.ca\/new\/wp-json\/wp\/v2\/types\/page"}],"author":[{"embeddable":true,"href":"https:\/\/ramonage4saisons.ca\/new\/wp-json\/wp\/v2\/users\/1"}],"replies":[{"embeddable":true,"href":"https:\/\/ramonage4saisons.ca\/new\/wp-json\/wp\/v2\/comments?post=463"}],"version-history":[{"count":43,"href":"https:\/\/ramonage4saisons.ca\/new\/wp-json\/wp\/v2\/pages\/463\/revisions"}],"predecessor-version":[{"id":1290,"href":"https:\/\/ramonage4saisons.ca\/new\/wp-json\/wp\/v2\/pages\/463\/revisions\/1290"}],"wp:attachment":[{"href":"https:\/\/ramonage4saisons.ca\/new\/wp-json\/wp\/v2\/media?parent=463"}],"curies":[{"name":"wp","href":"https:\/\/api.w.org\/{rel}","templated":true}]}}